{"id":11027,"date":"2022-01-01T01:00:59","date_gmt":"2022-01-01T01:00:59","guid":{"rendered":"http:\/\/eco-press.cmsmasters.net\/?post_type=profile&#038;p=11027"},"modified":"2024-09-12T08:30:53","modified_gmt":"2024-09-12T08:30:53","slug":"ayse-yasemin-orucu","status":"publish","type":"profile","link":"https:\/\/iklim.org.tr\/en\/profile\/ayse-yasemin-orucu\/","title":{"rendered":"Ay\u015fe Yasemin \u00d6r\u00fcc\u00fc"},"content":{"rendered":"<div id=\"cmsmasters_row_b5638bb523\" class=\"cmsmasters_row cmsmasters_color_scheme_default cmsmasters_row_top_default cmsmasters_row_bot_default cmsmasters_row_boxed\">\n<div class=\"cmsmasters_row_outer_parent\">\n<div class=\"cmsmasters_row_outer\">\n<div class=\"cmsmasters_row_inner\">\n<div class=\"cmsmasters_row_margin\">\n<div id=\"cmsmasters_column_\" class=\"cmsmasters_column one_first\">\n<div class=\"cmsmasters_column_inner\"><div class=\"cmsmasters_img  cmsmasters_image_n\"><img src=\"https:\/\/iklim.org.tr\/en\/wp-content\/uploads\/2022\/01\/ayseorucu-1.png\" \/><\/div>\n<\/div><\/div>\n<\/div>\n<\/div>\n<\/div>\n<\/div>\n<\/div>\n<div id=\"cmsmasters_row_68da6cb45a\" class=\"cmsmasters_row cmsmasters_color_scheme_default cmsmasters_row_top_default cmsmasters_row_bot_default cmsmasters_row_boxed\">\n<div class=\"cmsmasters_row_outer_parent\">\n<div class=\"cmsmasters_row_outer\">\n<div class=\"cmsmasters_row_inner\">\n<div class=\"cmsmasters_row_margin\">\n<div id=\"cmsmasters_column_\" class=\"cmsmasters_column one_first\">\n<div class=\"cmsmasters_column_inner\"><div class=\"cmsmasters_text\">\n<p>\u00d6r\u00fcc\u00fc has a bachelor&#8217;s degree from METU Mining Engineering Department and received her master&#8217;s degree in climate and energy policies from Oxford University Environmental Change Institute in 2005. After completing her doctorate in METU Earth Sciences Department, she worked as a research assistant in the same department for three years.<\/p>\n<p>Ay\u015fe Yasemin \u00d6r\u00fcc\u00fc, who has worked on energy and climate policies at the Ministry of Energy and Natural Resources for nine years, joined the World Bank&#8217;s Energy Team in 2014 and served as the chief negotiator on emission reduction in international climate change negotiations between 2005 and 2013.<\/p>\n<p>Playing a role in the energy and climate-related activities of organizations such as UNFCCC, OECD, EU, IPCC and IEA, \u00d6r\u00fcc\u00fc served as a spokesperson and expert for the environment, water control and climate change commissions of the Turkish Grand National Assembly for two years.<\/p>\n<p>Ay\u015fe Yasemin \u00d6r\u00fcc\u00fc, one of the founding members of the Climate Research Association, still works as an energy sector manager at the World Bank.<\/p>\n<\/div>\n<\/div><\/div>\n<\/div>\n<\/div>\n<\/div>\n<\/div>\n<\/div>\n<div id=\"cmsmasters_row_96lxbt7ni4\" class=\"cmsmasters_row cmsmasters_color_scheme_default cmsmasters_row_top_default cmsmasters_row_bot_default cmsmasters_row_boxed\">\n<div class=\"cmsmasters_row_outer_parent\">\n<div class=\"cmsmasters_row_outer\">\n<div class=\"cmsmasters_row_inner\">\n<div class=\"cmsmasters_row_margin\">\n<div id=\"cmsmasters_column_7jooyiws8\" class=\"cmsmasters_column one_third\">\n<div class=\"cmsmasters_column_inner\"><\/div><\/div>\n<div id=\"cmsmasters_column_aecu3cw5e\" class=\"cmsmasters_column one_third\">\n<div class=\"cmsmasters_column_inner\"><div id=\"cmsmasters_icon_qhdd1aabf\" class=\"cmsmasters_icon_wrap\"><a href=\"https:\/\/www.linkedin.com\/in\/ayse-yasemin-orucu-9412ba1\/\" target=\"_blank\"><span class=\"cmsmasters_simple_icon cmsmasters-icon-custom-linkedin-rect\"><\/span><span class=\"cmsmasters_simple_icon_title\">Ay\u015fe Yasemin \u00d6r\u00fcc\u00fc<\/span><\/a><\/div>\n<\/div><\/div>\n<div id=\"cmsmasters_column_9rvdxu29lf\" class=\"cmsmasters_column one_third\">\n<div class=\"cmsmasters_column_inner\"><\/div><\/div>\n<\/div>\n<\/div>\n<\/div>\n<\/div>\n<\/div>\n\n","protected":false},"excerpt":{"rendered":"","protected":false},"featured_media":16300,"menu_order":0,"comment_status":"closed","ping_status":"closed","template":"","meta":[],"pl-categs":[11],"_links":{"self":[{"href":"https:\/\/iklim.org.tr\/en\/wp-json\/wp\/v2\/profile\/11027"}],"collection":[{"href":"https:\/\/iklim.org.tr\/en\/wp-json\/wp\/v2\/profile"}],"about":[{"href":"https:\/\/iklim.org.tr\/en\/wp-json\/wp\/v2\/types\/profile"}],"replies":[{"embeddable":true,"href":"https:\/\/iklim.org.tr\/en\/wp-json\/wp\/v2\/comments?post=11027"}],"version-history":[{"count":10,"href":"https:\/\/iklim.org.tr\/en\/wp-json\/wp\/v2\/profile\/11027\/revisions"}],"predecessor-version":[{"id":17323,"href":"https:\/\/iklim.org.tr\/en\/wp-json\/wp\/v2\/profile\/11027\/revisions\/17323"}],"wp:featuredmedia":[{"embeddable":true,"href":"https:\/\/iklim.org.tr\/en\/wp-json\/wp\/v2\/media\/16300"}],"wp:attachment":[{"href":"https:\/\/iklim.org.tr\/en\/wp-json\/wp\/v2\/media?parent=11027"}],"wp:term":[{"taxonomy":"pl-categs","embeddable":true,"href":"https:\/\/iklim.org.tr\/en\/wp-json\/wp\/v2\/pl-categs?post=11027"}],"curies":[{"name":"wp","href":"https:\/\/api.w.org\/{rel}","templated":true}]}}

Ayşe Yasemin Örücü

<div id="cmsmasters_row_b5638bb523" class="cmsmasters_row cmsmasters_color_scheme_default cmsmasters_row_top_default cmsmasters_row_bot_default cmsmasters_row_boxed">
<div class="cmsmasters_row_outer_parent">
<div class="cmsmasters_row_outer">
<div class="cmsmasters_row_inner">
<div class="cmsmasters_row_margin">
<div id="cmsmasters_column_" class="cmsmasters_column one_first">
<div class="cmsmasters_column_inner"><div class="cmsmasters_img  cmsmasters_image_n"><img src="https://iklim.org.tr/en/wp-content/uploads/2022/01/ayseorucu-1.png" /></div>
</div></div>
</div>
</div>
</div>
</div>
</div>
<div id="cmsmasters_row_68da6cb45a" class="cmsmasters_row cmsmasters_color_scheme_default cmsmasters_row_top_default cmsmasters_row_bot_default cmsmasters_row_boxed">
<div class="cmsmasters_row_outer_parent">
<div class="cmsmasters_row_outer">
<div class="cmsmasters_row_inner">
<div class="cmsmasters_row_margin">
<div id="cmsmasters_column_" class="cmsmasters_column one_first">
<div class="cmsmasters_column_inner"><div class="cmsmasters_text">
<p>Örücü has a bachelor&#8217;s degree from METU Mining Engineering Department and received her master&#8217;s degree in climate and energy policies from Oxford University Environmental Change Institute in 2005. After completing her doctorate in METU Earth Sciences Department, she worked as a research assistant in the same department for three years.</p>
<p>Ayşe Yasemin Örücü, who has worked on energy and climate policies at the Ministry of Energy and Natural Resources for nine years, joined the World Bank&#8217;s Energy Team in 2014 and served as the chief negotiator on emission reduction in international climate change negotiations between 2005 and 2013.</p>
<p>Playing a role in the energy and climate-related activities of organizations such as UNFCCC, OECD, EU, IPCC and IEA, Örücü served as a spokesperson and expert for the environment, water control and climate change commissions of the Turkish Grand National Assembly for two years.</p>
<p>Ayşe Yasemin Örücü, one of the founding members of the Climate Research Association, still works as an energy sector manager at the World Bank.</p>
</div>
</div></div>
</div>
</div>
</div>
</div>
</div>
<div id="cmsmasters_row_96lxbt7ni4" class="cmsmasters_row cmsmasters_color_scheme_default cmsmasters_row_top_default cmsmasters_row_bot_default cmsmasters_row_boxed">
<div class="cmsmasters_row_outer_parent">
<div class="cmsmasters_row_outer">
<div class="cmsmasters_row_inner">
<div class="cmsmasters_row_margin">
<div id="cmsmasters_column_7jooyiws8" class="cmsmasters_column one_third">
<div class="cmsmasters_column_inner"></div></div>
<div id="cmsmasters_column_aecu3cw5e" class="cmsmasters_column one_third">
<div class="cmsmasters_column_inner"><div id="cmsmasters_icon_qhdd1aabf" class="cmsmasters_icon_wrap"><a href="https://www.linkedin.com/in/ayse-yasemin-orucu-9412ba1/" target="_blank"><span class="cmsmasters_simple_icon cmsmasters-icon-custom-linkedin-rect"></span><span class="cmsmasters_simple_icon_title">Ayşe Yasemin Örücü</span></a></div>
</div></div>
<div id="cmsmasters_column_9rvdxu29lf" class="cmsmasters_column one_third">
<div class="cmsmasters_column_inner"></div></div>
</div>
</div>
</div>
</div>
</div>
